4, what is 3 - -113?
122
In base 12, what is 2 - -573?
575
In base 10, what is -29 + 192?
163
In base 4, what is 322111 - -11?
322122
In base 9, what is -68 - 4?
-73
In base 5, what is 22 - 21323?
-21301
In base 2, what is 10011111010001 + 11?
10011111010100
In base 12, what is 1 - -74?
75
In base 14, what is d3 + -c?
c5
In base 8, what is -56 + 33?
-23
In base 3, what is 11222 - 201?
11021
In base 2, what is 11101111 - 11?
11101100
In base 16, what is -1 + d?
c
In base 15, what is b5 - a?
aa
In base 4, what is -11 - -113?
102
In base 12, what is -1a0 - 3?
-1a3
In base 4, what is -20121 + 2?
-20113
In base 12, what is -14 + 0?
-14
In base 10, what is -5 - 14?
-19
In base 11, what is 15 - -6?
20
In base 10, what is 427 - -19?
446
In base 3, what is 110 - -101?
211
In base 8, what is -241 - -4?
-235
In base 6, what is 1 - -13300?
13301
In base 5, what is -143 + 4?
-134
In base 12, what is b8 + 20?
118
In base 14, what is 40 + -3?
3b
In base 14, what is -1 - -45b?
45a
In base 9, what is -88 + -15?
-114
In base 15, what is d2 + -3?
ce
In base 2, what is -11 + -101000000111?
-101000001010
In base 2, what is -10001110 + -1001?
-10010111
In base 5, what is 114 - -12?
131
In base 11, what is -a - 272?
-281
In base 9, what is 5 - 8?
-3
In base 3, what is 2220 - -22?
10012
In base 10, what is 39 - 1?
38
In base 13, what is -12a + -3?
-130
In base 10, what is -18 + 6?
-12
In base 10, what is -231 + -2?
-233
In base 4, what is -32010 + -12?
-32022
In base 6, what is 2 + -211?
-205
In base 10, what is -649 - -3?
-646
In base 10, what is -1 + 165?
164
In base 14, what is 437 - 5?
432
In base 16, what is -32 - -2?
-30
In base 12, what is 17 + 1?
18
In base 6, what is 232 - -3?
235
In base 5, what is -4 - 114?
-123
In base 15, what is -696d - -2?
-696b
In base 16, what is -11 + -60?
-71
In base 10, what is 35 + 4?
39
In base 13, what is -6b7b - -2?
-6b79
In base 8, what is -70 - 4?
-74
In base 14, what is 14 + -a?
8
In base 4, what is -3 - 1003?
-1012
In base 2, what is 10011 - 11?
10000
In base 9, what is -4 + 43?
38
In base 5, what is 10 - -11023?
11033
In base 13, what is 4a + -c?
3b
In base 11, what is -4 - a0?
-a4
In base 13, what is 307 + -3?
304
In base 10, what is -2 + -59?
-61
In base 8, what is 5 + 64?
71
In base 8, what is -3302 - -3?
-3277
In base 8, what is -5 + 735?
730
In base 11, what is -188 + -2?
-18a
In base 12, what is -14 - a?
-22
In base 14, what is -2 - 79?
-7b
In base 11, what is -41 + 19?
-23
In base 11, what is 1060 + 3?
1063
In base 7, what is 12 + 1?
13
In base 14, what is -3 - 328?
-32b
In base 14, what is -1d - 12?
-31
In base 10, what is 5 - 412?
-407
In base 4, what is 30 - -1022?
1112
In base 15, what is 0 + 345?
345
In base 9, what is 1453 + -20?
1433
In base 12, what is 3 - 47?
-44
In base 12, what is -3 + -1a6?
-1a9
In base 11, what is -120 + -2?
-122
In base 6, what is 1304 + -141?
1123
In base 7, what is 1121 - 2?
1116
In base 3, what is -12 - -210?
121
In base 2, what is 11000011 - 0?
11000011
In base 2, what is 10110111011100 - 11?
10110111011001
In base 4, what is 3 - 12?
-3
In base 16, what is d2 - -2?
d4
In base 13, what is -74 + 251?
1aa
In base 11, what is 224 + 5?
229
In base 5, what is -4 + -204?
-213
In base 9, what is 16 + -2?
14
In base 14, what is -5 + -32?
-37
In base 10, what is 10 + -284?
-274
In base 5, what is -13 + -2431?
-2444
In base 15, what is -4 + -d0?
-d4
In base 2, what is -1100100 + 1000?
-1011100
In base 10, what is 895 + -19?
876
In base 9, what is 187 - 5?
182
In base 10, what is -585 + 0?
-585
In base 16, what is -384 + 4?
-380
In base 4, what is -2303 - 1?
-2310
In base 12, what is -3a - -15?
-25
In base 15, what is 1ba + 1?
1bb
In base 2, what is -10 + -101100?
-101110
In base 10, what is 10 + -18?
-8
In base 7, what is -5 - -2463?
2455
In base 15, what is 1 + -d1?
-d0
In base 6, what is 2 - 143?
-141
In base 9, what is -421 + -12?
-433
In base 4, what is -1302 - -113?
-1123
In base 6, what is 2 + 32?
34
In base 13, what is 33c + 2?
341
In base 9, what is -1 - 122?
-123
In base 7, what is 30 + -3?
24
In base 3, what is 2001210 + 2?
2001212
In base 15, what is -2 + 32?
30
In base 6, what is -4 + -2352?
-2400
In base 14, what is 3 + 83?
86
In base 8, what is 416 - -13?
431
In base 4, what is 102 - -1312?
2020
In base 6, what is 0 - 41?
-41
In base 13, what is 1 - 3b1?
-3b0
In base 7, what is 5 + 246?
254
In base 11, what is -47 - 4?
-50
In base 10, what is 0 - 59?
-59
In base 16, what is 4 + bd?
c1
In base 13, what is -2c - a?
-39
In base 11, what is -8 + 160?
153
In base 16, what is -f34 + -2?
-f36
In base 16, what is -1084 + -4?
-1088
In base 12, what is -1 - ba7?
-ba8
In base 15, what is -11 - 125?
-136
In base 14, what is -313 + -5?
-318
In base 13, what is -1 - 32?
-33
In base 11, what is -12 + 0?
-12
In base 13, what is b4 - 5?
ac
In base 8, what is -672 + 0?
-672
In base 3, what is -200110 + 1?
-200102
In base 16, what is ee + -11?
dd
In base 4, what is 220022 - 3?
220013
In base 12, what is 17 - -112?
129
In base 6, what is -2310 + 4?
-2302
In base 6, what is 355 - 12?
343
In base 4, what is -2 + 132012?
132010
In base 6, what is 1052 + -1?
1051
In base 3, what is 10112 - 100?
10012
In base 8, what is -30 - 445?
-475
In base 10, what is -4382 - 1?
-4383
In base 13, what is 4b - 5a?
-c
In base 3, what is 211101 - -11?
211112
In base 3, what is 0 - 10102?
-10102
In base 2, what is -11101 + 10101?
-1000
In base 12, what is -1 + -24?
-25
In base 3, what is 0 - -1001020?
1001020
In base 3, what is 10 - 110?
-100
In base 13, what is -11 + 16?
5
In base 4, what is -11 - -30?
13
In base 8, what is -34 - 62?
-116
In base 12, what is -4 + 3b?
37
In base 13, what is 40 - -13?
53
In base 7, what is -22 - 202?
-224
In base 7, what is -1 - -250?
246
In base 3, what is -10 + 100221?
100211
In base 8, what is -12 - -16?
4
In base 12, what is -1656 - 2?
-1658
In base 4, what is -1032233 - 0?
-1032233
In base 15, what is -18 + -70?
-88
In base 2, what is -110 - -110110000?
110101010
In base 12, what is -243 + -4?
-247
In base 4, what is 1222 + 23?
1311
In base 5, what is -3403 - -12?
-3341
In base 15, what is 553 + 4?
557
In base 5, what is -2344 + -14?
-2413
In base 9, what is -4346 - 2?
-4348
In base 13, what is -4 + -2c?
-33
In base 15, what is -6 - -12?
b
In base 15, what is -33 + 76?
43
In base 7, what is 2 + -2?
0
In base 11, what is -2979 - -3?
-2976
In base 11, what is -2 + -43?
-45
In base 10, what is -22 - 20?
-42
In base 13, what is -a85 - 4?
-a89
In base 11, what is -3 + -38?
-40
In base 2, what is 1 - -100100110?
100100111
In base 7, what is -2 + 15365?
15363
In base 8, what is 0 + -310?
-310
In base 6, what is 13310 - -5?
13315
In base 2, what is 110 - 11100100110?
-11100100000
In base 8, what is -1462 - -3?
-1457
In base 4, what is 222 - -30?
312
In base 8, what is -2 - 2616?
-2620
In base 14, what is -4 - -68?
64
In base 15, what is -10 - -247?
237
In base 7, what is -14 + -62?
-106
In base 10, what is -3 - -562?
559
In base 7, what is 40 - -3?
43
In base 7, what is 6 + 3422?
3431
In base 8, what is -117 + -2?
-121
In base 15, what is 2 + c9?
cb
In base 6, what is 2550 - -4?
2554
In base 7, what is 5 + 41?
46
In base 11, what is -711 + 3?
-709
In base 4, what is 100 - -12?
112
In base 8, what is -352 + -5?
-357
In base 11, what is -2 - 51a?
-521
In base 9, what is -5 - 6256?
-6262
In base 13, what is 48 + -4?
44
In base 5, what is -1 + -123?
-124
In base 16, what is 0 + -19?
-19
In base 15, what is 8e8 + -5?
8e3
In base 12, what is -5b + 5?
-56
In base 6, what is -5 - -20343?
20334
In base 5, what is -113412 + 2?
-113410
In base 7, what is -232 + -5?
-240
In base 7, what is 151 + 3?
154
In base 12, what is 7 - 54?
-49
In base 3, what is 1022 - 22?
1000
In base 15, what is 1 - 798?
-797
In base 6, what is 31323 + 4?
31331
In base 7, what is -1 + -31?
-32
In base 16, what is -2 + 426?
424
In base 9, what is -1 + -25?
-26
In base 8, what is 0 + -150?
-150
In base 3, what is 11 + 11112?
11200
In base 16, what is 4 - -471?
475
In base 8, what is -3 - -17?
14
In base 4, what is 1 + -100330?
-100323
In base 5, what is 10 - 232?
-222
In base 16, what is -4 - -1aa?
1a6
In base 3, what is -112 + -220?
-1102
In base 13, what is 6b + 2?
70
In base 5, what is 1 - -321?
322
In base 8, what is 5